{"id":10,"date":"2021-01-11T13:02:41","date_gmt":"2021-01-11T13:02:41","guid":{"rendered":"https:\/\/ceagin.com\/?page_id=10"},"modified":"2021-01-17T00:32:41","modified_gmt":"2021-01-17T00:32:41","slug":"nosotros","status":"publish","type":"page","link":"https:\/\/ceagin.com\/?page_id=10","title":{"rendered":"Nosotros"},"content":{"rendered":"\n<p>CEAGIN\u00a0es un centro especializado en la atenci\u00f3n a la mujer, integrado por un grupo de m\u00e9dicos especialistas en Ginecolog\u00eda y Obstetricia con capacitaci\u00f3n en problemas de alta especialidad.<\/p>\n\n\n\n<figure class=\"wp-block-image size-full\"><img loading=\"lazy\" decoding=\"async\" width=\"1920\" height=\"1080\" src=\"https:\/\/ceagin.com\/wp-content\/uploads\/2021\/01\/hugo.jpg\" alt=\"\" class=\"wp-image-97\" srcset=\"https:\/\/ceagin.com\/wp-content\/uploads\/2021\/01\/hugo.jpg 1920w, https:\/\/ceagin.com\/wp-content\/uploads\/2021\/01\/hugo-768x432.jpg 768w, https:\/\/ceagin.com\/wp-content\/uploads\/2021\/01\/hugo-1536x864.jpg 1536w, https:\/\/ceagin.com\/wp-content\/uploads\/2021\/01\/hugo-120x68.jpg 120w\" sizes=\"auto, (max-width: 1920px) 100vw, 1920px\" \/><\/figure>\n\n\n\n<p>En\u00a0CEAGIN\u00a0contamos con lo \u00faltimo en tecnolog\u00eda para brindarle siempre la mejor atenci\u00f3n por parte de profesionales con una alta calidad humana.<\/p>\n","protected":false},"excerpt":{"rendered":"<p>CEAGIN\u00a0es un centro especializado en la atenci\u00f3n a la mujer, integrado por un grupo de m\u00e9dicos especialistas en Ginecolog\u00eda y Obstetricia con capacitaci\u00f3n en problemas de alta especialidad. En\u00a0CEAGIN\u00a0contamos con lo \u00faltimo en tecnolog\u00eda para [&hellip;]<\/p>\n","protected":false},"author":1,"featured_media":99,"parent":0,"menu_order":0,"comment_status":"closed","ping_status":"closed","template":"page-nosotros.php","meta":{"_acf_changed":false,"footnotes":""},"class_list":["post-10","page","type-page","status-publish","has-post-thumbnail","hentry"],"acf":[],"_links":{"self":[{"href":"https:\/\/ceagin.com\/index.php?rest_route=\/wp\/v2\/pages\/10","targetHints":{"allow":["GET"]}}],"collection":[{"href":"https:\/\/ceagin.com\/index.php?rest_route=\/wp\/v2\/pages"}],"about":[{"href":"https:\/\/ceagin.com\/index.php?rest_route=\/wp\/v2\/types\/page"}],"author":[{"embeddable":true,"href":"https:\/\/ceagin.com\/index.php?rest_route=\/wp\/v2\/users\/1"}],"replies":[{"embeddable":true,"href":"https:\/\/ceagin.com\/index.php?rest_route=%2Fwp%2Fv2%2Fcomments&post=10"}],"version-history":[{"count":7,"href":"https:\/\/ceagin.com\/index.php?rest_route=\/wp\/v2\/pages\/10\/revisions"}],"predecessor-version":[{"id":98,"href":"https:\/\/ceagin.com\/index.php?rest_route=\/wp\/v2\/pages\/10\/revisions\/98"}],"wp:featuredmedia":[{"embeddable":true,"href":"https:\/\/ceagin.com\/index.php?rest_route=\/wp\/v2\/media\/99"}],"wp:attachment":[{"href":"https:\/\/ceagin.com\/index.php?rest_route=%2Fwp%2Fv2%2Fmedia&parent=10"}],"curies":[{"name":"wp","href":"https:\/\/api.w.org\/{rel}","templated":true}]}}